 the value of (-6 - (-8 + 65 + 8) - 10) + 24 + -20?
-77
What is (-6 + 23 - 11) + (-86 - (14 + -20))?
-74
Evaluate 8 - (0 - 0) - (-84 + 270 + -149).
-29
Evaluate 120 + -129 - (-5 + -3).
-1
2 + -4 + (-17 - 1) + (29 - 35) + -3
-29
What is 21 + (-28 - -17) + (-41 - -4) + 3?
-24
Evaluate 0 + 16 + 5 + -7 + -3 + 0.
11
Calculate (-40 - (-43 + 6)) + (0 - 1).
-4
Calculate -23 + (145 - 37) - -27.
112
Evaluate -59 + 29 + 52 + 1 + (3 - 0).
26
Calculate (-98 - (-62 - -17)) + 89.
36
What is -42 + (103 - -26) - (17 - -9)?
61
Evaluate -13 + 6 + -5 + 27 + -11 + 1.
5
Calculate -2 + -12 + 79 + (-54 - 2) + 10.
19
Calculate (-28 - -114) + (-4 - 9) + (18 - 12).
79
0 - ((-1 - 1) + 123 + -134 - 4)
17
Calculate 7 + -60 + (8 - -5 - -1).
-39
Calculate -9 + (15 - 4) - 50 - (-1 - 6).
-41
Evaluate 77 + -139 - (7 - (-7 - 0 - (-53 - -38))).
-61
1 - (-27 + 11 + -11 + 9) - (-5 - 6)
30
Calculate -648 + 318 - -388 - (19 + (-1 - 0)).
40
3 - (2 + -2) - (-19 + 16 - -2 - -11)
-7
What is the value of (-50 - -118) + -14 + 8 + -13 + 15?
64
What is -125 - (-82 + -12 - -42)?
-73
Evaluate (-30 + 26 - -15 - 55) + 13.
-31
What is -5049 + 4992 + -1 + 61 - (0 + 83 + 1)?
-81
Calculate -5 + (-1081 + 1077 - (-2 + -2 + 11)).
-16
Evaluate -9 + -5 + 124 + -113 + (4 - 3 - 53).
-55
Calculate (-12 + 1 - -1) + (-13 - -9) + -8.
-22
Evaluate 29 + -2 - (-1057 - -1110).
-26
What is the value of 113 - ((-16 - -118) + -45)?
56
-20 - -31 - -8 - -6 - -18
43
What is the value of 35 + (-96 - (-50 - -24)) - (-4 + 1 - 0)?
-32
Evaluate -69 - -8 - -84 - 25.
-2
Calculate (-4 - (-14 + 25 + -55)) + (-2 - 9).
29
Calculate (130 - 90) + -76 + 47.
11
(13 - (-1 + 3)) + (7 + 9 + 56 - -7)
90
Evaluate 43 + (-63 - -24) + -47.
-43
Evaluate 4 + (11 - (7 + 3)) + -7 + 40.
38
Calculate 36 + (4 - 2) - (-71 + 31 + 31).
47
Calculate (-554 - -552) + (-5 - 67).
-74
What is the value of -81 + 55 - ((14 - 12) + 14)?
-42
What is (-5 - 13) + 8 + -12 + (114 - 3)?
89
(-7 - 61) + (261 - 226)
-33
-26 + 1 + 26 - -44
45
What is (-12 - (-20 - 4)) + -87 + -18 + -1?
-94
What is -2 + -6 - (-19 + 9 - -41)?
-39
Calculate 95 + (-23 - ((26 - 33) + -23)).
102
What is the value of 1707 + -1697 - (42 + 1)?
-33
Calculate (-12 - ((-17 - -10) + (-4 - -10))) + (52 - -3).
44
4 + -112 - (216 - 248)
-76
What is the value of 1 + 0 - -13 - (-49 - (108 - 111))?
60
Evaluate -59 + (1 - 4 - -6) + (-18 - (-4 - 11)).
-59
What is the value of 39 + (-2 - -3) + (11 - 11 - -5) + 1?
46
What is the value of -82 + 115 + (25 + -7 - 3) + -5?
43
Evaluate (-28 - (66 + -46)) + 29 + (-1 - -7).
-13
-10 + 23 + -15 + 13 + -68
-57
(-9 - 2) + (-2 - (0 + -2)) + 37569 + -37588
-30
Calculate -198 + 115 + -88 + 67.
-104
What is the value of -53 - (0 + 0 + 6 - (484 - 471))?
-46
What is (0 - (-17 + -5 + 14)) + (-78 - -1) - -3?
-66
What is the value of -45 + -11 + 60 + 2 + 1 + -10?
-3
What is the value of 11 - (-3 + (23 - (-4 - 2)) + (195 - 195))?
-15
Evaluate -30 + -33 + 40 + 18.
-5
Calculate -44 + -29 + -6 + 86.
7
What is the value of 7 + -1 - (13 - (1 + 1 - 29))?
-34
Evaluate -84 + 83 + -30 - 16.
-47
What is -2 + (-14 - 3) - ((21 - (13 + -6)) + -21)?
-12
Calculate 2489 - 2438 - (59 + -1).
-7
What is -15 - (28 - 6) - (13 + (6 - (-4 - -11)))?
-49
Calculate 1 - -6 - (-175 - -188) - -20.
14
What is the value of (-46 - 1) + (4 + 2 - (-751 - -745))?
-35
What is the value of -29 + (-118 - -217) + 43?
113
What is 31 + -68 + 48 - 18?
-7
Evaluate -54 + (-5 + 7 + -1 - (10 + 6 + -19)).
-50
40 + (-118 - ((13 - 46) + 67))
-112
What is the value of (20 - 9) + (-163 - -180) + (-56 - 2)?
-30
What is 10 + (-1 - 0) + (4 - -3 - 2) - -13?
27
What is the value of (-1 - 12) + (74 - (101 + 14))?
-54
What is -104 + 59 - (-3 + 5 + (1 - -3))?
-51
What is the value of (78 - -1) + -11488 + 11322?
-87
What is (98 - 8) + 84 + -130?
44
Calculate -9 + (-8 - -24) + 7 + -52.
-38
Evaluate (194 - 86) + -77 - -12.
43
20 + 34 + (-37 - (0 - 20))
37
Evaluate -7 + -31 + 27 - 16.
-27
What is the value of (11 - 1) + (2 + -1 - 25) + 3142 + -3206?
-78
Evaluate (4 + 35 - 22) + -24 + (1 - 11).
-17
-52 + 70 + -110 - -16
-76
What is 3 + (-6 - -14) - (14 - -59)?
-62
What is the value of 30 - (0 - -19) - (0 + (-4 - -64) + 3)?
-52
Calculate 2 + 7 - (-110 - -117 - (-19 + 1)).
-16
What is the value of 86 + (6 + -13 - -1) - (-16 - -9) - -4?
91
What is the value of -2 + (-1 - 9) - (2 - 9) - (98 - 105)?
2
9 - (-27 + 5 + (4 - (14 + -10)) + 0)
31
What is the value of (-26 + -81 - -47) + 32?
-28
Evaluate (-124 - (-248 - -142)) + 78.
60
Evaluate 12 + (6 - (13 - (-9 - -25) - -18)).
3
What is 0 - ((-2 - 2) + (-3 - 28)) - (156 + -161)?
40
Calculate -18 + 17 - (-3 - -34) - 2.
-34
What is 1 + -58 - (19 - ((6 - -4) + 4 - -3))?
-59
What is (56 - (53 - 3)) + 17?
23
Calculate 41 + -8 + -29 + -21.
-17
Calculate -1 + 16 - (-335 - -159 - -154).
37
What is ((-20 - 24 - 15) + 4 - 0) + -5?
-60
-957 + 893 - (-2 - 8)
-54
Calculate -3 + 2 + -4 + -17 + 10 - (-22 + -3).
13
What is 45 + (-7 - 2) - 74?
-38
Evaluate (3 - (-15 + 46)) + 3 + (4 - (-8 + 13)).
-26
-139 + 11 + (2 - -8) + 10
-108
What is the value of (49 - -2) + 1303 + -1421?
-67
What is the value of 0 + 26 + -18 + 6 - 0?
14
Evaluate 2 + 9 + -19 - (-48 + 7 + 2).
31
(16 - (9 + 0)) + (8 - 11) + 5
9
Calculate 5 + (15 - -3) - 10 - (6 + 92 + 7).
-92
Calculate 948 + -934 - (-15 + -2 + 3).
28
Calculate (1000 - 854 - (28 - 0)) + -23.
95
What is 0 + (121 + -119 - (1 - 22)) + -21?
2
(-14 - 0 - 7) + -70 + 58
-33
Calculate -40 + 66 + 36 + -52.
10
Evaluate -13 + (29 - 3) - (-4 - -103 - (-1 - -4)).
-83
What is the value of (1 - -6) + 0 + -42 + 38 + -1?
2
Evaluate (-863 - -781) + 20 + 0 + -2.
-64
-31 + (-21 - -38) + 17 - -74
77
What is -43 + -77 + 2 + 13 + (115 - 121)?
-111
What is the value of (24 - (-1 - 0)) + 53 + -194 + 146?
30
What is the value of -16 - (1 - -1 - (25 - -58)) - -5?
70
Evaluate 59 + (19 - 74) + (-5 - -7) + (0 - -1).
7
What is the value of (6 - 127) + 1 - (123 + -99) - -5?
-139
Calculate (78 - (-29 + 25)) + 18 + -12 + 4.
92
-8 - -28 - 15 - 14
-9
61 + 29 - 99 - -7
-2
What is the value of (2 - -55) + 372 + -386?
43
-1497 - -1391 - (-9 - 3)
-94
Evaluate (220 - 219 - (-113 + 1)) + (-15 - -17).
115
Calculate 18 + -2 - (34 + -13 - 36).
31
What is the value of (-80 + 11 - -100) + (-3 - (0 - (12 - 1)))?
39
Evaluate 52 + 9 + -72 + 29.
18
25 + (-119 - -105) + (-1 + -1 - 1)
8
What is (-10 - -50) + 12 + -24 + 16?
44
Calculate -36 + 46 + -2 + -40 - (4 - 7).
-29
Evaluate 4 - (-37 + 20 + 31) - (60 + -1 + 1).
-70
(8 - 2) + -2 + (-14 - (1 + -11))
0
Calculate (-47 + -50 - -191) + -110.
-16
-16 + -17 + (37 - (22 + -28 + 8))
2
18 - -3 - (-468 - -509)
-20
Calculate -60 + 4 + (-787 - -931).
88
What is 23 + (16 - 60) - 0 - -32?
11
What is ((17 - 18) + 4 - 0) + (-4 - (-22 + 3))?
18
-9 - (156 + -238 + (1 - -17) + -2 + 9)
48
Evaluate (-55 + -86 - -109) + (-2 - 0 - 1).
-35
-103 + 101 - (7 - (5 - ((-6 - 1) + -21)))
24
Calculate (6 - 2) + 80 - ((17 - 31 - -19) + -2).
81
Calculate (25 + -17 - 55) + -5 + 1 + (19 - 20).
-52
What is -2 + 0 + 81 + (-21 - (-26 + 0 - 2))?
86
Evaluate 152 - (4 + (-63 - -169)).
42
(-234 - (173 - 311)) + (-1 - -1)
-96
74 + (-249 - -128) - (9 + 0 - 0)
-56
Calculate 3234 + -3249 - (-1 + -5 + (4 - 5)).
-8
What is -50 - (21 + -40 + 21 + -2 + 5)?
-55
What is -55 + 17 - (236 - 396)?
122
(-7 - 5) + (0 - (-42 + (11 - 29)))
48
Evaluate (11 - -2) + (9 + -74 - -15).
-37
(2 - 6) + (70 - 94)
-28
What is -49 + 52 + (8 - 35)?
-24
What is 3 - (-2 - (14 - (0 - 13)))?
32
What is the value of 0 + 2 + -337 + 316 + -8?
-27
What is the value of -2 - ((-18 - 17) + 24 + 16)?
-7
Calculate 33 + (27 - 59) - (-1 + (-23 - -1)).
24
What is 53 - (85 - 147) - 64?
51
Calculate 87 - (85 + (-78 - -68)).
12
Calculate (-3 - -10 - 58) + 239 + -229.
-41
Calculate 0 + -7 + 4 + 0 - (-36 - (-23 - -13)).
23
What is (6 - (4 + -3)) + (-298 - -273)?
-20
Calculate -47 + (2 - -52) - 17.
-10
What is the value of -33 - -1 - (6 - (129 + -28))?
63
Calculate 84 + -139 + (-67 - 0).
-122
Evaluate -19 - (46 + -87 + 20).
2
7 - (45 + (-43 - -58 - 16))
-37
What is (7 - 1) + -2 - ((42 + -3 - 6) + -34)?
5
-3 + 1 + -90 + -281 + -150 + 440
-83
What is the value of -28 + 4 - (-4094 + 3972)?
98
What is the value of 10 + -9 + -5 + 16 + -19 + 29?
22
Evaluate 1 + 25 + (-130 - -93) + 24.
13
Calculate (-4 - 2) + (6 - 4) + 2 + 3 - 24.
-23
Calculate (-36 - -24) + 19 + (1 - -9).
17
Eval